 greatest common divisor of 207531792 and 3432?
312
Calculate the greatest common factor of 14300 and 10660925.
275
Calculate the greatest common factor of 28626 and 46878378.
2202
Calculate the highest common divisor of 3439 and 8649.
1
What is the highest common divisor of 53060160 and 6?
6
Calculate the highest common factor of 2625 and 225075.
75
Calculate the greatest common factor of 4188083 and 219.
73
Calculate the greatest common divisor of 80753256 and 831.
831
Calculate the greatest common divisor of 593277865 and 5.
5
What is the greatest common factor of 12418500 and 16071?
1461
What is the highest common factor of 3395 and 1825145?
35
What is the highest common factor of 236 and 53579729?
59
Calculate the highest common divisor of 1079640 and 810.
90
What is the greatest common factor of 11955592 and 88?
88
Calculate the highest common divisor of 1854 and 83562252.
618
Calculate the greatest common factor of 98 and 16113874.
14
What is the highest common divisor of 2432 and 6549056?
64
Calculate the greatest common factor of 6384 and 330458640.
912
What is the highest common factor of 168767032 and 140?
28
Calculate the highest common factor of 968398179 and 42.
21
Calculate the highest common divisor of 3629365 and 2895.
965
What is the highest common divisor of 393390 and 45966?
282
Calculate the highest common factor of 642384 and 34992.
432
What is the highest common divisor of 20 and 568355330?
10
Calculate the highest common divisor of 462 and 30074.
22
Calculate the highest common factor of 1295 and 2348871.
259
Calculate the highest common divisor of 5033385 and 7105.
1015
Calculate the greatest common divisor of 2 and 9981698.
2
What is the highest common factor of 7683691 and 62?
31
Calculate the highest common factor of 188 and 14716358.
94
Calculate the greatest common divisor of 30 and 11169390.
30
What is the highest common factor of 54 and 17589114?
18
Calculate the greatest common factor of 121 and 122606.
11
Calculate the greatest common divisor of 7072 and 980746.
26
Calculate the greatest common divisor of 49352 and 5342752.
1592
What is the greatest common factor of 2849910 and 60573?
993
What is the highest common factor of 1652 and 6602808?
236
Calculate the highest common divisor of 94733821 and 91.
91
Calculate the greatest common divisor of 230048 and 1496768.
2912
Calculate the highest common divisor of 347662 and 33250.
266
What is the greatest common factor of 8328 and 341101?
347
Calculate the highest common divisor of 8012 and 131122389.
2003
Calculate the greatest common factor of 148 and 904164.
4
Calculate the highest common factor of 2059380 and 2397.
51
Calculate the greatest common divisor of 255 and 31163835.
15
Calculate the greatest common factor of 27570781 and 7.
7
What is the greatest common divisor of 7493005 and 1037?
17
What is the greatest common divisor of 459 and 8887379?
17
What is the greatest common divisor of 1117653264 and 1876?
1876
Calculate the greatest common factor of 55 and 2706737.
11
What is the highest common divisor of 60 and 3622881?
3
What is the greatest common divisor of 162 and 674895726?
162
Calculate the highest common divisor of 57 and 3029645.
19
What is the greatest common divisor of 407376 and 756?
108
Calculate the greatest common factor of 5892 and 46902775.
491
Calculate the highest common divisor of 2568 and 30627252.
1284
Calculate the highest common factor of 1140454 and 19292.
742
What is the greatest common factor of 7733 and 77539?
209
Calculate the greatest common factor of 8750473 and 37325.
1493
What is the greatest common divisor of 8590 and 322234952?
1718
What is the greatest common factor of 494850065 and 1730?
865
What is the highest common divisor of 1927 and 1566557?
47
Calculate the highest common divisor of 2484222 and 2808.
78
What is the greatest common factor of 9145 and 466643?
31
What is the greatest common divisor of 183893 and 3238194?
599
Calculate the greatest common factor of 7084816 and 3728.
16
What is the highest common factor of 959 and 935573?
137
What is the greatest common factor of 11518 and 9243598?
26
Calculate the greatest common divisor of 106186693 and 683.
683
Calculate the highest common factor of 274288 and 10720.
16
Calculate the highest common divisor of 31350 and 1167360.
570
What is the greatest common factor of 421612 and 163936?
436
What is the greatest common divisor of 3949113 and 231?
21
Calculate the highest common divisor of 752 and 966846024.
376
Calculate the greatest common divisor of 752621 and 270272.
103
Calculate the highest common divisor of 5598 and 66942.
18
Calculate the highest common factor of 85568 and 587104.
224
What is the greatest common divisor of 495 and 496243?
11
Calculate the highest common factor of 4448507 and 239.
239
Calculate the highest common factor of 78120 and 385224.
168
Calculate the greatest common divisor of 15596169 and 95.
19
Calculate the greatest common factor of 47700 and 7206300.
900
What is the highest common factor of 99157757 and 5307?
1769
What is the highest common factor of 37249080 and 1320?
1320
What is the highest common divisor of 20700 and 329850?
450
What is the greatest common factor of 336 and 42498680?
56
Calculate the greatest common factor of 6238467 and 202.
101
What is the greatest common divisor of 369060327 and 459?
459
Calculate the highest common factor of 182 and 69060238.
26
What is the greatest common factor of 46399197 and 13?
13
Calculate the highest common factor of 43 and 1394276591.
43
Calculate the greatest common divisor of 1512300 and 450.
150
Calculate the greatest common divisor of 12654 and 21978.
666
Calculate the highest common divisor of 901272370 and 30.
10
Calculate the highest common factor of 5219688 and 12087.
237
What is the greatest common factor of 39259821 and 6?
3
Calculate the greatest common factor of 15718781 and 39.
13
Calculate the highest common divisor of 200 and 420641500.
100
What is the highest common divisor of 21792 and 10884?
12
Calculate the highest common factor of 3543521 and 7435.
1487
What is the highest common factor of 16785 and 6007165?
1865
Calculate the highest common divisor of 8709 and 29416099.
2903
Calculate the highest common divisor of 19638528 and 3744.
1248
What is the greatest common divisor of 2907 and 224713?
19
What is the greatest common divisor of 3 and 158703?
3
What is the highest common factor of 397187 and 15088?
23
Calculate the greatest common divisor of 4770269 and 4669.
161
Calculate the highest common factor of 72 and 2166984.
72
What is the greatest common divisor of 19026665 and 1148?
287
Calculate the greatest common divisor of 817347 and 399.
3
Calculate the highest common factor of 728506740 and 285.
285
What is the highest common divisor of 97014505 and 70?
35
What is the greatest common factor of 2628 and 6162076?
292
What is the highest common factor of 599601 and 29052?
807
What is the highest common factor of 350 and 178784?
2
Calculate the greatest common factor of 390 and 60360.
30
What is the highest common divisor of 46031173 and 262?
131
Calculate the greatest common factor of 55934 and 15282.
2
Calculate the greatest common divisor of 6923 and 1402793.
161
What is the greatest common divisor of 2403637 and 36592?
2287
What is the highest common divisor of 35 and 534630320?
35
What is the greatest common divisor of 255204 and 28290924?
1836
Calculate the highest common factor of 33951 and 948.
3
Calculate the highest common divisor of 18 and 6261522.
6
What is the greatest common factor of 98 and 40067076?
14
Calculate the highest common divisor of 3990 and 46336250.
190
What is the highest common divisor of 361 and 24197849?
19
What is the greatest common factor of 17808 and 2648268?
84
What is the highest common factor of 126188697 and 11364?
2841
Calculate the greatest common factor of 86700 and 3792972.
204
Calculate the greatest common factor of 106716 and 1030368.
12
What is the greatest common factor of 900 and 3913020?
180
What is the greatest common divisor of 498 and 1414901?
83
What is the highest common divisor of 16435886 and 362?
362
Calculate the highest common factor of 83453 and 17.
17
What is the highest common factor of 639940